1 = 3. Suppose 2*x + v*n = -2*n + 42, n = 4. Does 5 divide x?
False
Let s(i) = 105*i + 65. Let t(w) = -8*w - 5. Let o(a) = -3*s(a) - 40*t(a). Let c be o(6). Let b = -13 + c. Is b a multiple of 10?
False
Let c be -4 - -3 - -3 - -8. Suppose 5*i = 4*m + 147, -2*m + 7*m = c. Does 17 divide i?
False
Suppose -m = -4*m + 18. Let w = 2 + m. Is 8 a factor of w?
True
Suppose 5*u = -15, 0 = 2*y + 3*u - 5*u - 150. Let r = -29 + y. Let s = r - 28. Is 6 a factor of s?
False
Let b(l) = l**2 - 3*l - 1. Let t be b(5). Let a be (0 + -3)/(t/(-6)). Suppose a*y = -1 - 1, -5*y + 8 = z. Does 13 divide z?
True
Let d = -72 - -126. Is d a multiple of 18?
True
Let b = 5 + -4. Does 7 divide b*-1 - (-10 + -5)?
True
Let w(t) = t**2 + 10. Is w(11) a multiple of 12?
False
Let i be 32/12*(-4 + 1). Let l(p) = -p**3 - 7*p**2 + p + 4. Is 15 a factor of l(i)?
True
Suppose -2*g = m + 1, 3*g + 2*m = -2 - 2. Suppose -v = v - g. Does 15 divide 649/22 + v/2?
True
Let x be (-6)/2 - (-12)/2. Suppose -x*n = 6 - 30. Is 4 a factor of n?
True
Suppose -1 = -3*q + 8. Suppose -q*l = 2*g - 99, -6 = -0*l - 2*l. Is 15 a factor of g?
True
Let l be (1/2)/((-8)/(-48)). Is 14 - 1*(l - 4) a multiple of 9?
False
Let s be 69/15 + (-2)/(-5). Suppose 0 = -2*o + 8, -t - s*o + 78 - 20 = 0. Does 10 divide t?
False
Let c(a) = a**3 - a**2 - 4*a + 3. Let n be c(3). Is 7 a factor of 8/36 - (-70)/n?
False
Let h be ((0 - -2) + 1)*1. Suppose 42 = h*j - j. Does 9 divide j?
False
Let v be 13/(2/(4 - 2)). Suppose -3*c = -x + v, -4*x + 2*c - 3*c - 13 = 0. Is 190/(-15)*3/x a multiple of 11?
False
Let o be 4/(-6) + (-500)/6. Let r(v) = -11*v - 5. Let u be r(5). Let k = u - o. Does 10 divide k?
False
Let p = -55 - -101. Suppose -2*i + 4*i = p. Is 7 a factor of i?
False
Let t be 3/(-3) + -39 + -1. Let m be t - (3/3 + 0). Is 8 a factor of m/4*(0 + -2)?
False
Let f be (-8)/(-6)*(-9)/(-6). Suppose -6 = -2*t - f*y, 2*t - 4*y = y - 15. Let d = 20 - t. Does 8 divide d?
False
Let g = -3 + 10. Let b = g - 4. Suppose -b*y = -20 - 1. Is y a multiple of 7?
True
Suppose -2*i = -3 - 15. Suppose 3*r - i = -2*w - w, 27 = 5*w - r. Is w a multiple of 2?
False
Suppose -7*g - p + 20 = -2*g, 4*p = 5*g - 45. Let t = g - 1. Suppose o + 4 = b, b - 5*b - t*o + 32 = 0. Is 6 a factor of b?
True
Suppose -98 = -3*q - c, -5*q + 187 - 13 = -c. Suppose -4*d + q = 2*p, p = -d + 2*p + 7. Is d a multiple of 2?
True
Suppose 0 = 4*b + 16, 4*b + 0*b = 2*p - 84. Is p a multiple of 4?
False
Let x(m) be the first derivative of -6*m - 4/3*m**3 - 2*m**2 - 1/4*m**4 - 1. Does 7 divide x(-4)?
False
Let i be (-2 + -1)*(2 + 0). Does 4 divide (-27)/i*16/6?
True
Let j(z) = 10*z. Let c(a) = 4*a + 6. Let t(f) = 11*f + 17. Let d(k) = -8*c(k) + 3*t(k). Let x be d(0). Is j(x) a multiple of 15?
True
Let a = 13 - -146. Does 9 divide a?
False
Suppose 5*o + 2*d - 110 = 0, 5*o - 93 = -d + 12. Let q = -13 + o. Suppose -32 = -5*w - q. Is 3 a factor of w?
False
Suppose 5*w + 5 = 2*g, 3*g - 2*w - 3 = 2*g. Suppose 8*j - 70 = -b + 4*j, -g*j = 4*b - 280. Let p = b + -34. Does 13 divide p?
False
Let v(k) = 2*k**3 + 3*k**2 + 9*k - 3. Does 12 divide v(5)?
False
Suppose -t - 1 + 26 = 0. Is 17 a factor of t?
False
Let o(y) = 2*y - 1. Let a be o(-6). Let t be (-2)/(-4) - (-15)/(-2). Let v = t - a. Does 3 divide v?
True
Let c = 22 - 1. Is c a multiple of 5?
False
Let p(n) = -7*n - 1. Let v be p(-1). Let t = -7 - -39. Is ((-15)/(-4))/(v/t) a multiple of 10?
True
Let n(g) = -g**2 - 5*g - 2. Let w be n(-4). Suppose -2*l + 6 = -w. Is 2 a factor of l?
True
Suppose -115 = -2*x - 3*x + 5*y, -x + 33 = -3*y. Is x a multiple of 6?
True
Suppose -2*p + 7*p + 2*w = 180, 3*w + 167 = 4*p. Let z = p + -18. Is z a multiple of 13?
False
Let q = 56 + -18. Let w = q + -3. Is w a multiple of 11?
False
Let x(a) = 9*a**2 + 6*a + 3. Let v be x(-5). Let t = v - 132. Is 19 a factor of t?
False
Suppose u = 5*r - 12 + 1, -r = 3*u - 15. Suppose -u*l + 2*s + 126 = -40, l - 5*s = 19. Is 11 a factor of l?
True
Suppose 26*w = 27*w - 68. Is 6 a factor of w?
False
Let q be -1*4*(-2)/4. Suppose -4*i = 5*v - 25, -3*v + q*i + 2*i = -15. Does 5 divide v?
True
Let p(r) = 8*r - 5. Is p(6) a multiple of 16?
False
Let c be ((-59)/4)/((-11)/44). Let l = 83 - c. Is 8 a factor of l?
True
Suppose -19 = -o + 15. Let l = o + -6. Is l a multiple of 10?
False
Is 17 a factor of (0 + 10/4)*(-9114)/(-155)?
False
Suppose -30 - 14 = -4*s. Is 7 a factor of s?
False
Let f(v) = -v - 3. Does 3 divide f(-10)?
False
Let l(g) = -1 - 2*g**3 + 1. Suppose 3*r - 2*z = r - 10, 4*z = -3*r + 6. Does 8 divide l(r)?
True
Let x(n) = n**3 - 3*n**2 + 5*n + 3. Is x(5) a multiple of 26?
True
Let l be (-2)/5 + (-21)/35. Is 3/l*26/(-6) a multiple of 13?
True
Let y = -89 - -173. Suppose 3*c = 7*c + y. Let v = c + 51. Does 15 divide v?
True
Suppose -4*r - 34 = -2*y, -6*y + 2*y = -2*r - 86. Let f = -11 + y. Is 12 a factor of f?
True
Let n be -2*(0 + -1)*1. Suppose -n = -5*v + 4*v. Suppose g + 5 = v*j - 15, -4*g = -4*j + 32. Is 12 a factor of j?
True
Let b = -503 - -731. Is b a multiple of 57?
True
Suppose 2*p = -2*z - 6, 5*p - 3*z = -4*z + 5. Suppose -a + 26 = p*s, 2*s - 9 = -s. Is a a multiple of 10?
True
Let j(p) = 2*p**3 + 0 + 2*p - 3*p**3 + 2*p**2 - 2. Is j(-2) a multiple of 10?
True
Let s = -12 + 17. Suppose s*t - 150 = -0*t. Is t a multiple of 21?
False
Suppose 11*p - 144 = 9*p. Is 19 a factor of p?
False
Suppose -n = -2*n + 2*u, 2*u = -2. Is (91/(-14))/(1/n) a multiple of 13?
True
Let p = -136 + 148. Is p a multiple of 4?
True
Suppose 5*i - i = 0. Is (-2)/(-2) - (-18 - i) a multiple of 9?
False
Let m(y) = -y**3 + 6*y**2 - 5*y + 6. Let l be m(5). Let w = -2 + l. Is (54/w)/(3/4) a multiple of 9?
True
Let u = 5 - -1. Suppose -4*i + 38 + u = 0. Is i a multiple of 4?
False
Let p = 6 - 10. Does 2 divide -3*1/3 - p?
False
Suppose 1 + 11 = n. Is n a multiple of 6?
True
Suppose -4*t = -0*t - 376. Does 17 divide t?
False
Suppose d = 2*d - 4. Suppose 0 = 5*m - d*n - 2, -5 + 1 = -2*n. Suppose 0 = v + m*v - 21. Does 5 divide v?
False
Suppose -8*r = -3*r - 15. Let m be ((-189)/(-15))/r*5. Is 11 a factor of m + (0/3)/(-1)?
False
Let q(m) = -2*m + 8. Is q(-14) a multiple of 6?
True
Suppose 0 = -3*w + 2*z - 10, -z - 15 = -4*z. Suppose -4*x + 12 = t, w = -2*t - 0*t + 4*x + 24. Does 6 divide t?
True
Let n be 5 - (-2 + 3 - -1). Is -3*n/1*-1 a multiple of 4?
False
Suppose -f - 2*f + 5*u = -72, -4*u + 48 = 2*f. Is 12 a factor of f?
True
Is 6 a factor of (-2)/(-3)*(-1224)/(-16)?
False
Let q(r) = -r**3 + 3*r**2 + 4*r - 4. Let m be q(3). Suppose 2*d - 6 = m. Is d a multiple of 3?
False
Suppose -h = -6*h + 15. Let v be (h - 10)*(-17 + 0). Suppose -4*g + 33 = -v. Is 13 a factor of g?
False
Let p be 2 - -6*(-15)/(-6). Let n = 39 - p. Is n a multiple of 11?
True
Suppose 0*w = -2*w + 4. Suppose w*x - 7 = 17. Is 16 a factor of (x/10)/(9/330)?
False
Suppose 20 = m - 10. Is m a multiple of 15?
True
Let r(k) = 5*k**3 + k**2 + 6. Is 10 a factor of r(2)?
True
Let b be (-2)/3*(-3 + -18). Suppose 0 = -4*v + 74 - b. Is 4 a factor of v?
False
Let g(y) = -y**2 - 5*y + 5. Let b be g(-6). Let u = 3 - b. Suppose -160 = -u*s + 8. Does 11 divide s?
False
Let l(d) = -19*d - 8. Is 14 a factor of l(-10)?
True
Let r = -5 + 8. Suppose -1 = -r*k + 5. Is 4 a factor of 2 + (1 - k/(-2))?
True
Let y = 120 + -70. Is 10 a factor of y?
True
Suppose 0*t = 3*t. Suppose -3*p = -t*o - o + 337, -3*o + 12 = 0. Is 14 a factor of 0 - 2*p/6?
False
Let h = 1 + 1. Suppose -2*v + 6*v - 4*f = 56, -3*f = -h*v + 29. Is 13 a factor of v?
True
Suppose 0 = d - 418 + 88. Does 15 divide 5/(-35) + d/7?
False
Suppose -89 = -3*w - 2*z, -z + 2*z = -5. Is w a multiple of 30?
False
Suppose 0*v = v. Suppose -4*k + 5*y + 20 = v, -3*k + 2*y + 8 = -0*k. Suppose k*h - 200 = -5*h. Is h a multiple of 20?
True
Let l(q) = 6*q**2 + 2. Does 14 divide l(3)?
True
Suppose -2*f + 0*r = -3*r - 134, 3*f - 5*r = 201. Let p be (2 + 1)/((-6)/(-4)). Suppose -p*l + f = 5*g, l - g + 0*g - 37 = 0. Does 18 divide l?
True
Let r(y) = y**2 + 10*y + 5. Let v(q) = -q**2 - 9*q - 5. Let f(s) = -4*r(s) - 5*v(s). Is f(-6) a multiple of 3?
False
Suppose -3*y = -0*y + 66. Let s = 31 + y. Does 3 divide s?
True
Let n = -60 + 108. Is n a multiple of 6?
True
Let s = 66 - 36. Is s a multiple of 4?
False
Suppose 0 = -2*p - 5*q + 55, 3*q + 0*q + 15 = 0. Is 20 a factor of p?
True
Let g = 1